 are the prime factors of 3903666?
2, 3, 13, 50047
List the prime factors of 30778222.
2, 29, 530659
What are the prime factors of 37432400?
2, 5, 93581
What are the prime factors of 1731814?
2, 7, 123701
List the prime factors of 204015.
3, 5, 7, 29, 67
List the prime factors of 16102460.
2, 5, 11, 53, 1381
What are the prime factors of 47993?
11, 4363
What are the prime factors of 313312?
2, 9791
List the prime factors of 326388.
2, 3, 59, 461
What are the prime factors of 53108?
2, 11, 17, 71
What are the prime factors of 1910568?
2, 3, 11, 7237
List the prime factors of 3000221.
7, 8747
What are the prime factors of 1213268?
2, 7, 43331
List the prime factors of 293913.
3, 17, 113
What are the prime factors of 411889?
347, 1187
List the prime factors of 181401.
3, 11, 23, 239
What are the prime factors of 2635720?
2, 5, 131, 503
What are the prime factors of 325918?
2, 89, 1831
List the prime factors of 255164.
2, 7, 13, 701
List the prime factors of 2510191.
37, 67843
List the prime factors of 1247073.
3, 415691
What are the prime factors of 80005?
5, 16001
List the prime factors of 7155870.
2, 3, 5, 238529
List the prime factors of 1481699.
41, 71, 509
What are the prime factors of 394122?
2, 3, 65687
List the prime factors of 3956074.
2, 1978037
List the prime factors of 1128071.
7, 29, 5557
List the prime factors of 12017417.
499, 24083
What are the prime factors of 419059?
419059
List the prime factors of 1589472.
2, 3, 5519
List the prime factors of 10572473.
10572473
What are the prime factors of 7202691?
3, 19, 73, 577
What are the prime factors of 684389?
37, 53, 349
What are the prime factors of 6482973?
3, 7, 308713
What are the prime factors of 13130873?
7, 173, 1549
List the prime factors of 1373231.
797, 1723
What are the prime factors of 56095?
5, 13, 863
What are the prime factors of 275154?
2, 3, 11, 379
List the prime factors of 11640052.
2, 37, 78649
List the prime factors of 654234.
2, 3, 7, 37, 421
List the prime factors of 1727637.
3, 163, 3533
List the prime factors of 1192404.
2, 3, 99367
List the prime factors of 2887751.
43, 67157
List the prime factors of 230580.
2, 3, 5, 7, 61
List the prime factors of 689373.
3, 76597
What are the prime factors of 2386399?
2386399
List the prime factors of 87104.
2, 1361
What are the prime factors of 206905?
5, 41381
List the prime factors of 3155089.
7, 450727
List the prime factors of 241730.
2, 5, 23, 1051
What are the prime factors of 7866471?
3, 2622157
List the prime factors of 2204860.
2, 5, 7, 15749
List the prime factors of 182894.
2, 19, 4813
List the prime factors of 2101804.
2, 29, 18119
What are the prime factors of 1248194?
2, 624097
List the prime factors of 373981.
373981
What are the prime factors of 2217434?
2, 1108717
What are the prime factors of 575866?
2, 287933
List the prime factors of 809385.
3, 5, 53959
What are the prime factors of 2996838?
2, 3, 13, 1423
List the prime factors of 324140.
2, 5, 19, 853
What are the prime factors of 125354?
2, 233, 269
What are the prime factors of 2000545?
5, 400109
List the prime factors of 580223.
7, 82889
What are the prime factors of 2492382?
2, 3, 19, 21863
What are the prime factors of 70485?
3, 5, 37, 127
List the prime factors of 316993.
53, 5981
List the prime factors of 1952900.
2, 5, 59, 331
What are the prime factors of 427223?
163, 2621
List the prime factors of 6636466.
2, 23, 144271
What are the prime factors of 180210?
2, 3, 5, 6007
List the prime factors of 10234779.
3, 3411593
List the prime factors of 6029440.
2, 5, 9421
What are the prime factors of 8891041?
23, 571, 677
List the prime factors of 775145.
5, 7, 22147
What are the prime factors of 48512?
2, 379
What are the prime factors of 364399?
7, 52057
What are the prime factors of 10551282?
2, 3, 7, 251221
What are the prime factors of 1425618?
2, 3, 79201
List the prime factors of 1447912.
2, 29, 79
List the prime factors of 9592117.
9592117
What are the prime factors of 805119?
3, 7, 5477
What are the prime factors of 91467?
3, 10163
List the prime factors of 205643.
23, 8941
What are the prime factors of 579912?
2, 3, 73, 331
List the prime factors of 191180.
2, 5, 11, 79
List the prime factors of 6167445.
3, 5, 179, 2297
What are the prime factors of 89512?
2, 67, 167
List the prime factors of 4422153.
3, 787, 1873
List the prime factors of 147157.
31, 47, 101
List the prime factors of 35155.
5, 79, 89
What are the prime factors of 236020?
2, 5, 11801
List the prime factors of 2470.
2, 5, 13, 19
What are the prime factors of 132289?
263, 503
What are the prime factors of 14857637?
821, 18097
What are the prime factors of 1623525?
3, 5, 21647
What are the prime factors of 2614321?
29, 90149
List the prime factors of 569404.
2, 11, 12941
What are the prime factors of 271522?
2, 349, 389
List the prime factors of 3760952.
2, 13, 29, 43
What are the prime factors of 591477?
3, 197159
What are the prime factors of 481362?
2, 3, 7, 73, 157
List the prime factors of 6302544.
2, 3, 131303
List the prime factors of 89327.
7, 1823
List the prime factors of 27941834.
2, 13970917
What are the prime factors of 6267493?
1979, 3167
List the prime factors of 4533516.
2, 3, 13, 3229
What are the prime factors of 31296810?
2, 3, 5, 83, 12569
List the prime factors of 2464367.
577, 4271
What are the prime factors of 101211?
3, 11, 3067
What are the prime factors of 20902947?
3, 13, 535973
List the prime factors of 12017910.
2, 3, 5, 400597
What are the prime factors of 432401?
432401
List the prime factors of 4733393.
7, 59, 73, 157
What are the prime factors of 141095?
5, 28219
What are the prime factors of 246675?
3, 5, 11, 13, 23
What are the prime factors of 14790?
2, 3, 5, 17, 29
List the prime factors of 8627784.
2, 3, 11, 2971
What are the prime factors of 5823398?
2, 7, 415957
List the prime factors of 835236.
2, 3, 23201
What are the prime factors of 364859?
11, 41, 809
What are the prime factors of 394777?
29, 13613
What are the prime factors of 188604?
2, 3, 13, 31
What are the prime factors of 769711?
37, 71, 293
What are the prime factors of 19588415?
5, 7, 11, 83, 613
What are the prime factors of 698915?
5, 7, 19, 1051
List the prime factors of 4173724.
2, 101, 10331
What are the prime factors of 2111153?
11, 281, 683
List the prime factors of 4310910.
2, 3, 5, 19, 2521
What are the prime factors of 157830?
2, 3, 5, 5261
What are the prime factors of 1529?
11, 139
List the prime factors of 1568251.
1568251
What are the prime factors of 357965?
5, 71593
List the prime factors of 11897062.
2, 1123, 5297
What are the prime factors of 500984?
2, 11, 5693
List the prime factors of 61381.
61381
What are the prime factors of 18154076?
2, 4538519
What are the prime factors of 11306768?
2, 11, 17, 3779
List the prime factors of 1447666.
2, 11, 23, 2861
What are the prime factors of 1513190?
2, 5, 7, 21617
List the prime factors of 85660.
2, 5, 4283
What are the prime factors of 917373?
3, 191, 1601
What are the prime factors of 2069634?
2, 3, 7, 49277
List the prime factors of 99369.
3, 61, 181
What are the prime factors of 412673?
499, 827
What are the prime factors of 813183?
3, 7, 38723
What are the prime factors of 4786179?
3, 1595393
What are the prime factors of 200293?
200293
What are the prime factors of 8329388?
2, 17, 347, 353
What are the prime factors of 5801916?
2, 3, 19, 25447
List the prime factors of 608683.
71, 8573
What are the prime factors of 1998990?
2, 3, 5, 7, 19, 167
List the prime factors of 439966.
2, 219983
List the prime factors of 107380.
2, 5, 7, 13, 59
List the prime factors of 539572.
2, 11, 12263
What are the prime factors of 15372961?
761, 20201
What are the prime factors of 11081064?
2, 3, 397, 1163
List the prime factors of 2053075.
5, 41, 2003
What are the prime factors of 250735?
5, 50147
What are the prime factors of 358681?
358681
List the prime factors of 41359.
59, 701
What are the prime factors of 1550574?
2, 3, 86143
What are the prime factors of 88421?
29, 3049
What are the prime factors of 509851?
43, 71, 167
What are the prime factors of 81592?
2, 7, 31, 47
What are the prime factors of 11830529?
263, 44983
What are the prime factors of 2362526?
2, 1181263
List the prime factors of 17894192.
2, 31, 43,